at is the units digit of 3423?
3
What is the thousands digit of 3142?
3
What is the hundreds digit of 624?
6
What is the tens digit of 10438?
3
What is the units digit of 19034?
4
What is the tens digit of 153?
5
What is the thousands digit of 45599?
5
What is the tens digit of 88?
8
What is the units digit of 414?
4
What is the hundreds digit of 3930?
9
What is the units digit of 2134?
4
What is the hundreds digit of 10197?
1
What is the units digit of 1163?
3
What is the units digit of 4956?
6
What is the thousands digit of 31124?
1
What is the ten thousands digit of 10050?
1
What is the hundred thousands digit of 101325?
1
What is the hundreds digit of 4172?
1
What is the hundreds digit of 28101?
1
What is the hundreds digit of 95139?
1
What is the thousands digit of 10309?
0
What is the units digit of 2565?
5
What is the tens digit of 58036?
3
What is the hundreds digit of 479?
4
What is the thousands digit of 1778?
1
What is the hundreds digit of 1415?
4
What is the thousands digit of 2254?
2
What is the hundreds digit of 108607?
6
What is the thousands digit of 1030?
1
What is the units digit of 3147?
7
What is the thousands digit of 13361?
3
What is the tens digit of 88021?
2
What is the ten thousands digit of 18994?
1
What is the hundreds digit of 662?
6
What is the units digit of 982?
2
What is the tens digit of 240?
4
What is the units digit of 7038?
8
What is the units digit of 415?
5
What is the hundreds digit of 2984?
9
What is the hundreds digit of 198996?
9
What is the tens digit of 6028?
2
What is the hundreds digit of 4246?
2
What is the thousands digit of 30389?
0
What is the hundreds digit of 25675?
6
What is the units digit of 394?
4
What is the thousands digit of 33683?
3
What is the thousands digit of 9745?
9
What is the tens digit of 16754?
5
What is the tens digit of 7014?
1
What is the tens digit of 288?
8
What is the tens digit of 125626?
2
What is the hundreds digit of 7745?
7
What is the hundreds digit of 17639?
6
What is the hundreds digit of 608?
6
What is the tens digit of 975?
7
What is the tens digit of 1552?
5
What is the units digit of 5136?
6
What is the tens digit of 4497?
9
What is the thousands digit of 10860?
0
What is the tens digit of 1067?
6
What is the hundreds digit of 2505?
5
What is the units digit of 4949?
9
What is the units digit of 3742?
2
What is the units digit of 10768?
8
What is the ten thousands digit of 24050?
2
What is the thousands digit of 106532?
6
What is the hundreds digit of 30371?
3
What is the units digit of 5375?
5
What is the tens digit of 233?
3
What is the hundreds digit of 2576?
5
What is the units digit of 82696?
6
What is the units digit of 7637?
7
What is the thousands digit of 161241?
1
What is the thousands digit of 8964?
8
What is the units digit of 5533?
3
What is the hundreds digit of 12404?
4
What is the tens digit of 69659?
5
What is the tens digit of 13461?
6
What is the hundreds digit of 7640?
6
What is the tens digit of 185?
8
What is the hundreds digit of 4526?
5
What is the tens digit of 3605?
0
What is the hundreds digit of 543?
5
What is the units digit of 2507?
7
What is the units digit of 3698?
8
What is the hundreds digit of 2244?
2
What is the units digit of 60?
0
What is the units digit of 34484?
4
What is the units digit of 240?
0
What is the units digit of 156?
6
What is the hundreds digit of 2316?
3
What is the hundreds digit of 15298?
2
What is the thousands digit of 7946?
7
What is the thousands digit of 1218?
1
What is the units digit of 79?
9
What is the tens digit of 4108?
0
What is the hundreds digit of 2617?
6
What is the units digit of 1334?
4
What is the tens digit of 28190?
9
What is the hundreds digit of 520?
5
What is the ten thousands digit of 15221?
1
What is the units digit of 33628?
8
What is the units digit of 145?
5
What is the units digit of 839?
9
What is the thousands digit of 1175?
1
What is the units digit of 1820?
0
What is the thousands digit of 1652?
1
What is the units digit of 280?
0
What is the tens digit of 893?
9
What is the tens digit of 3273?
7
What is the ten thousands digit of 75734?
7
What is the units digit of 4707?
7
What is the units digit of 77?
7
What is the units digit of 5258?
8
What is the thousands digit of 8465?
8
What is the tens digit of 2628?
2
What is the hundreds digit of 1363?
3
What is the hundreds digit of 13477?
4
What is the thousands digit of 9601?
9
What is the units digit of 24958?
8
What is the hundreds digit of 730?
7
What is the hundreds digit of 2067?
0
What is the tens digit of 6873?
7
What is the hundreds digit of 1403?
4
What is the units digit of 3492?
2
What is the tens digit of 21523?
2
What is the tens digit of 3195?
9
What is the tens digit of 2633?
3
What is the units digit of 3529?
9
What is the units digit of 476?
6
What is the units digit of 12688?
8
What is the hundreds digit of 102458?
4
What is the ten thousands digit of 18732?
1
What is the hundreds digit of 595?
5
What is the units digit of 11133?
3
What is the hundreds digit of 34196?
1
What is the tens digit of 4388?
8
What is the ten thousands digit of 11337?
1
What is the hundreds digit of 1690?
6
What is the hundreds digit of 2409?
4
What is the units digit of 10197?
7
What is the units digit of 1069?
9
What is the hundreds digit of 41210?
2
What is the tens digit of 4638?
3
What is the tens digit of 729?
2
What is the hundreds digit of 819?
8
What is the tens digit of 156704?
0
What is the hundreds digit of 8268?
2
What is the hundreds digit of 21013?
0
What is the units digit of 35419?
9
What is the thousands digit of 2128?
2
What is the ten thousands digit of 48179?
4
What is the hundreds digit of 2639?
6
What is the thousands digit of 57329?
7
What is the tens digit of 44304?
0
What is the tens digit of 138053?
5
What is the hundreds digit of 961?
9
What is the units digit of 8438?
8
What is the hundreds digit of 4316?
3
What is the hundreds digit of 21612?
6
What is the hundred thousands digit of 137653?
1
What is the thousands digit of 1359?
1
What is the tens digit of 26922?
2
What is the units digit of 62?
2
What is the tens digit of 6243?
4
What is the ten thousands digit of 92918?
9
What is the tens digit of 1951?
5
What is the tens digit of 5972?
7
What is the thousands digit of 28237?
8
What is the thousands digit of 5307?
5
What is the tens digit of 1026?
2
What is the thousands digit of 67914?
7
What is the tens digit of 2781?
8
What is the tens digit of 75633?
3
What is the hundreds digit of 11551?
5
What is the thousands digit of 3752?
3
What is the tens digit of 3783?
8
What is the thousands digit of 7776?
7
What is the units digit of 243?
3
What is the thousands digit of 192360?
2
What is the hundreds digit of 18958?
9
What is the thousands digit of 2101?
2
What is the units digit of 2797?
7
What is the hundreds digit of 300?
3
What is the tens digit of 4480?
8
What is the units digit of 10787?
7
What is the units digit of 6865?
5
What is the thousands digit of 2700?
2
What is the hundreds digit of 16470?
4
What is the tens digit of 54199?
9
What is the hundreds digit of 429?
4
What is the hundreds digit of 34211?
2
What is the ten thousands digit of 24387?
2
What is the units digit of 40?
0
What is the units digit of 2494?
4
What is the units digit of 56758?
8
What is the hundreds digit of 535?
5
What is the hundreds digit of 1017?
0
What is the tens digit of 48659?
5
What is the units digit of 1009?
9
What is the hundreds digit of 120724?
7
What is the hundreds digit of 597?
5
What is the hundreds digit of 76902?
9
What is the tens digit of 3613?
1
What is the thousands digit of 1664?
1
What is the units digit of 6652?
2
What is the tens digit of 147460?
6
What is the thousands digit of 24576?
4
What is the units digit of 4247?
7
What is the thousands digit of 4687?
4
What is the tens digit of 1879?
7
What is the units digit of 2833?
3
What is the units digit of 55022?
2
What is the hundreds digit of 275?
2
What is the hundreds digit of 157?
1
What is the thousands digit of 2122?
2
What is the thousands digit of 1735?
1
What is the ten thousands digit of 17888?
1
What is the hundreds digit of 12462?
4
What is the tens digit of 40072?
7
What is the thousands digit of 8928?
8
What is the hundr